{"id":18,"date":"2008-03-29T22:27:31","date_gmt":"2008-03-29T21:27:31","guid":{"rendered":"http:\/\/www.reithof-dahrendorf.de\/wordpress\/?page_id=18"},"modified":"2023-10-30T22:12:16","modified_gmt":"2023-10-30T21:12:16","slug":"meine-person","status":"publish","type":"page","link":"https:\/\/www.reithof-dahrendorf.de\/wordpress\/meine-person\/","title":{"rendered":"Meine Person"},"content":{"rendered":"<p>Mein Name ist Anja Rademacher.<br \/>\nIch bin Diplom-Sozialp\u00e4dagogin und Diplom- Reitp\u00e4dagogin. Ich habe ca. 20 Jahre Erfahrung in Kinder- und Jugendarbeit sowie ca. 30 Jahre Reitpraxis. Seit mehreren Jahren arbeite ich u.a. als selbst\u00e4ndige Reittherapeutin. Weitere reiterliche Qualifikationen: Gel\u00e4nderittf\u00fchrerin (VFD), Berittf\u00fchrerin (EWU), Fach\u00fcbungsleiterin Voltigieren (FN).<br \/>\nAuf dem Hof in Dahrendorf lebe ich seit August 2007 mit den Pferden, Katzen und Hunden.<\/p>\n","protected":false},"excerpt":{"rendered":"<p>Mein Name ist Anja Rademacher. Ich bin Diplom-Sozialp\u00e4dagogin und Diplom- Reitp\u00e4dagogin. Ich habe ca. 20 Jahre Erfahrung in Kinder- und Jugendarbeit sowie ca. 30 Jahre Reitpraxis. Seit mehreren Jahren arbeite ich u.a. als selbst\u00e4ndige Reittherapeutin. Weitere reiterliche Qualifikationen: Gel\u00e4nderittf\u00fchrerin (VFD), Berittf\u00fchrerin (EWU), Fach\u00fcbungsleiterin Voltigieren (FN). Auf dem Hof in Dahrendorf lebe ich seit August 2007 &hellip; <a href=\"https:\/\/www.reithof-dahrendorf.de\/wordpress\/meine-person\/\" class=\"more-link\"><span class=\"screen-reader-text\">Meine Person<\/span> weiterlesen<\/a><\/p>\n","protected":false},"author":1,"featured_media":0,"parent":0,"menu_order":600,"comment_status":"closed","ping_status":"closed","template":"","meta":[],"aioseo_notices":[],"_links":{"self":[{"href":"https:\/\/www.reithof-dahrendorf.de\/wordpress\/wp-json\/wp\/v2\/pages\/18"}],"collection":[{"href":"https:\/\/www.reithof-dahrendorf.de\/wordpress\/wp-json\/wp\/v2\/pages"}],"about":[{"href":"https:\/\/www.reithof-dahrendorf.de\/wordpress\/wp-json\/wp\/v2\/types\/page"}],"author":[{"embeddable":true,"href":"https:\/\/www.reithof-dahrendorf.de\/wordpress\/wp-json\/wp\/v2\/users\/1"}],"replies":[{"embeddable":true,"href":"https:\/\/www.reithof-dahrendorf.de\/wordpress\/wp-json\/wp\/v2\/comments?post=18"}],"version-history":[{"count":5,"href":"https:\/\/www.reithof-dahrendorf.de\/wordpress\/wp-json\/wp\/v2\/pages\/18\/revisions"}],"predecessor-version":[{"id":694,"href":"https:\/\/www.reithof-dahrendorf.de\/wordpress\/wp-json\/wp\/v2\/pages\/18\/revisions\/694"}],"wp:attachment":[{"href":"https:\/\/www.reithof-dahrendorf.de\/wordpress\/wp-json\/wp\/v2\/media?parent=18"}],"curies":[{"name":"wp","href":"https:\/\/api.w.org\/{rel}","templated":true}]}}