{"id":17,"date":"2008-03-29T22:25:54","date_gmt":"2008-03-29T21:25:54","guid":{"rendered":"http:\/\/www.reithof-dahrendorf.de\/wordpress\/?page_id=17"},"modified":"2023-10-30T22:10:51","modified_gmt":"2023-10-30T21:10:51","slug":"weitere-angebote","status":"publish","type":"page","link":"https:\/\/www.reithof-dahrendorf.de\/wordpress\/weitere-angebote\/","title":{"rendered":"Weitere Angebote"},"content":{"rendered":"<ul>\n<li>Jungpferdeausbildung<\/li>\n<li>Umstellen von Englisch auf Westernausbildung<\/li>\n<li>Korrektur, Hilfe bei Problemen, Beritt<\/li>\n<li>Therapeutisches Reiten f\u00fcr Menschen mit Verhaltensauff\u00e4lligkeiten, Behinderungen, Problemen<\/li>\n<li>Mobiler Reitunterricht (Unterricht auf Ihrem Pferd bei Ihnen zuhause)<\/li>\n<li>Einstellm\u00f6glichkeiten\/Sommerweide<\/li>\n<li>Reitbeteiligungen zu vergeben<\/li>\n<li>Praktikanten und Stallhilfe gesucht<\/li>\n<\/ul>\n","protected":false},"excerpt":{"rendered":"<p>Jungpferdeausbildung Umstellen von Englisch auf Westernausbildung Korrektur, Hilfe bei Problemen, Beritt Therapeutisches Reiten f\u00fcr Menschen mit Verhaltensauff\u00e4lligkeiten, Behinderungen, Problemen Mobiler Reitunterricht (Unterricht auf Ihrem Pferd bei Ihnen zuhause) Einstellm\u00f6glichkeiten\/Sommerweide Reitbeteiligungen zu vergeben Praktikanten und Stallhilfe gesucht<\/p>\n","protected":false},"author":1,"featured_media":0,"parent":0,"menu_order":500,"comment_status":"closed","ping_status":"closed","template":"","meta":[],"aioseo_notices":[],"_links":{"self":[{"href":"https:\/\/www.reithof-dahrendorf.de\/wordpress\/wp-json\/wp\/v2\/pages\/17"}],"collection":[{"href":"https:\/\/www.reithof-dahrendorf.de\/wordpress\/wp-json\/wp\/v2\/pages"}],"about":[{"href":"https:\/\/www.reithof-dahrendorf.de\/wordpress\/wp-json\/wp\/v2\/types\/page"}],"author":[{"embeddable":true,"href":"https:\/\/www.reithof-dahrendorf.de\/wordpress\/wp-json\/wp\/v2\/users\/1"}],"replies":[{"embeddable":true,"href":"https:\/\/www.reithof-dahrendorf.de\/wordpress\/wp-json\/wp\/v2\/comments?post=17"}],"version-history":[{"count":1,"href":"https:\/\/www.reithof-dahrendorf.de\/wordpress\/wp-json\/wp\/v2\/pages\/17\/revisions"}],"predecessor-version":[{"id":692,"href":"https:\/\/www.reithof-dahrendorf.de\/wordpress\/wp-json\/wp\/v2\/pages\/17\/revisions\/692"}],"wp:attachment":[{"href":"https:\/\/www.reithof-dahrendorf.de\/wordpress\/wp-json\/wp\/v2\/media?parent=17"}],"curies":[{"name":"wp","href":"https:\/\/api.w.org\/{rel}","templated":true}]}}