{"id":12,"date":"2008-03-19T20:53:37","date_gmt":"2008-03-19T19:53:37","guid":{"rendered":"http:\/\/www.reithof-dahrendorf.de\/wordpress\/?page_id=12"},"modified":"2020-06-07T14:52:38","modified_gmt":"2020-06-07T12:52:38","slug":"pferde","status":"publish","type":"page","link":"https:\/\/www.reithof-dahrendorf.de\/wordpress\/pferde\/","title":{"rendered":"Pferde"},"content":{"rendered":"<p><a href=\"https:\/\/www.reithof-dahrendorf.de\/wordpress\/wp-content\/uploads\/pferdevormhaus-e1591345803513.jpg\" rel=\"lightbox\"><img loading=\"lazy\" class=\"alignleft wp-image-258 size-medium\" src=\"https:\/\/www.reithof-dahrendorf.de\/wordpress\/wp-content\/uploads\/pferdevormhaus-300x174.jpg\" alt=\"Pferde vor dem Haus\" width=\"300\" height=\"174\" \/><\/a>Zur Zeit habe ich 15 Pferde und Ponys, die ich teilweise selbst gezogen habe. Einige von ihnen stehen\u00a0<a href=\"https:\/\/www.reithof-dahrendorf.de\/wordpress\/?page_id=13\" target=\"_self\">zum Verkauf.<\/a>\u00a0Alle Pferde <a href=\"https:\/\/www.reithof-dahrendorf.de\/wordpress\/wp-content\/uploads\/ronni-und-candy-schlafen.jpg\" rel=\"lightbox\"><img loading=\"lazy\" class=\"alignnone wp-image-45 size-thumbnail\" style=\"float: right;\" title=\"ronni-und-candy-schlafen\" src=\"https:\/\/www.reithof-dahrendorf.de\/wordpress\/wp-content\/uploads\/ronni-und-candy-schlafen-150x79.jpg\" alt=\"\" width=\"150\" height=\"79\" \/><\/a> leben in artgerechter Haltung in der Herde im Offenstall und kommen ganzj\u00e4hrig auf die Weide. Das ist f\u00fcr ihr psychisches und physisches Wohlbefinden von gro\u00dfer\u00a0Bedeutung.<\/p>\n<p><a href=\"https:\/\/www.reithof-dahrendorf.de\/wordpress\/wp-content\/uploads\/schlafen4-e1591345911512.jpg\" rel=\"lightbox\"><img loading=\"lazy\" class=\"alignleft wp-image-256\" src=\"https:\/\/www.reithof-dahrendorf.de\/wordpress\/wp-content\/uploads\/schlafen4-273x300.jpg\" alt=\"schlafende Pferde\" width=\"231\" height=\"254\" \/><\/a>Die Pferde sind\u00a0in Bezug auf Rasse (Quarter Horse, Criollo, Appaloosa, Pinto,\u00a0 Isl\u00e4nder-Mix, Tinker, Haflinger, Lewitzer, Dartmoor Pony, Polnisches Kaltblut, Liebenthaler Wildpferd, Shetland-Pony) und Wesen sehr verschieden. Sie haben Gr\u00f6\u00dfen zwischen ca. 1,15m\u00a0 und 1,60m. Ich versuche stets, das passende Pferd f\u00fcr den jeweiligen Reiter zu finden. Alle Pferde haben gemeinsam, dass sie sehr menschenbezogen und lieb sind. Sie sind gut und mit feinen Hilfen ausgebildet. Das bedeutet, dass sie mindestens eine solide Western-Grundausbildung haben haben. Die Pferde arbeiten gerne mit und reagieren noch sensibel auf jeden Reiter. Damit das so bleibt, werden sie von mir regelm\u00e4\u00dfig korrigierend auf dem Platz bzw. in der Halle\u00a0gearbeitet und im Gel\u00e4nde geritten.<br \/>\n<a href=\"https:\/\/www.reithof-dahrendorf.de\/wordpress\/wp-content\/uploads\/0221-e1591345941774.jpg\" rel=\"lightbox\"><img loading=\"lazy\" class=\"alignleft wp-image-344 size-medium\" src=\"https:\/\/www.reithof-dahrendorf.de\/wordpress\/wp-content\/uploads\/0221-300x225.jpg\" alt=\"022\" width=\"300\" height=\"225\" \/><\/a><br \/>\n<a href=\"https:\/\/www.reithof-dahrendorf.de\/wordpress\/wp-content\/uploads\/img_0072.jpg\" rel=\"lightbox\"><img loading=\"lazy\" class=\"alignright wp-image-139 size-medium\" title=\"img_0072\" src=\"https:\/\/www.reithof-dahrendorf.de\/wordpress\/wp-content\/uploads\/img_0072-300x200.jpg\" alt=\"\" width=\"300\" height=\"200\" \/><\/a><\/p>\n","protected":false},"excerpt":{"rendered":"<p>Zur Zeit habe ich 15 Pferde und Ponys, die ich teilweise selbst gezogen habe. Einige von ihnen stehen\u00a0zum Verkauf.\u00a0Alle Pferde leben in artgerechter Haltung in der Herde im Offenstall und kommen ganzj\u00e4hrig auf die Weide. Das ist f\u00fcr ihr psychisches und physisches Wohlbefinden von gro\u00dfer\u00a0Bedeutung. Die Pferde sind\u00a0in Bezug auf Rasse (Quarter Horse, Criollo, Appaloosa, &hellip; <a href=\"https:\/\/www.reithof-dahrendorf.de\/wordpress\/pferde\/\" class=\"more-link\"><span class=\"screen-reader-text\">Pferde<\/span> weiterlesen<\/a><\/p>\n","protected":false},"author":1,"featured_media":0,"parent":0,"menu_order":20,"comment_status":"closed","ping_status":"closed","template":"","meta":[],"aioseo_notices":[],"_links":{"self":[{"href":"https:\/\/www.reithof-dahrendorf.de\/wordpress\/wp-json\/wp\/v2\/pages\/12"}],"collection":[{"href":"https:\/\/www.reithof-dahrendorf.de\/wordpress\/wp-json\/wp\/v2\/pages"}],"about":[{"href":"https:\/\/www.reithof-dahrendorf.de\/wordpress\/wp-json\/wp\/v2\/types\/page"}],"author":[{"embeddable":true,"href":"https:\/\/www.reithof-dahrendorf.de\/wordpress\/wp-json\/wp\/v2\/users\/1"}],"replies":[{"embeddable":true,"href":"https:\/\/www.reithof-dahrendorf.de\/wordpress\/wp-json\/wp\/v2\/comments?post=12"}],"version-history":[{"count":18,"href":"https:\/\/www.reithof-dahrendorf.de\/wordpress\/wp-json\/wp\/v2\/pages\/12\/revisions"}],"predecessor-version":[{"id":655,"href":"https:\/\/www.reithof-dahrendorf.de\/wordpress\/wp-json\/wp\/v2\/pages\/12\/revisions\/655"}],"wp:attachment":[{"href":"https:\/\/www.reithof-dahrendorf.de\/wordpress\/wp-json\/wp\/v2\/media?parent=12"}],"curies":[{"name":"wp","href":"https:\/\/api.w.org\/{rel}","templated":true}]}}